{"id":195,"date":"2022-04-25T12:03:00","date_gmt":"2022-04-25T12:03:00","guid":{"rendered":"https:\/\/suvremene-teme.vern.hr\/?page_id=195"},"modified":"2026-04-22T10:29:07","modified_gmt":"2026-04-22T10:29:07","slug":"urednistvo","status":"publish","type":"page","link":"https:\/\/suvremene-teme.vern.hr\/en\/urednistvo\/","title":{"rendered":"<strong>Editorial<\/strong>"},"content":{"rendered":"<p><strong>Acting Editor-in-chief<\/strong><br>Marija Slijep\u010devi\u0107, VERN\u2019 University<\/p>\n\n\n\n<p><strong>Deputy Editor-in-chief<\/strong><br>Nikolina Bor\u010di\u0107, aculty of Political Science, University of Zagreb<\/p>\n\n\n\n<p><strong>Executive Editor<\/strong><br>Rino Medi\u0107, VERN\u2019 University<\/p>\n\n\n\n<p><strong>Technical Editor<\/strong><br>Tomislav \u0160tuka, VERN\u2019 University<\/p>\n\n\n\n<div class=\"translation-block\">\n<strong>Editorial Board<\/strong>\n<br>\nKrisztina Arat\u00f3, Institut politi\u010dkih znanosti, Pravni fakultet, ELTE, Budimpe\u0161ta\/Institute of Political Science, Faculty of Law, ELTE, Budapest\nRoland Axtmann, Sveu\u010dili\u0161te Swansea\/Swansea University\nVladim\u00edra Dvo\u0159\u00e1kov\u00e1, Odsjek politi\u010dkih znanosti, Ekonomski fakultet, Prag\/Department of Political Science, Prague School\nof Economics, Prague\nG\u00e1bor Halmai, Sveu\u010dili\u0161te Sz\u00e9chenyi, Jura; ELTE, Budimpe\u0161ta\/University of Sz\u00e9chenyi, Gy\u0151r; ELTE, Budapest\nDra\u017een Lali\u0107, Fakultet politi\u010dkih znanosti, Sveu\u010dili\u0161te u Zagrebu\/Faculty of Political Science, University of Zagreb\nJan-Erik Lane, Sveu\u010dili\u0161te u \u017denevi\/University of Geneva\nPero Maldini, Sveu\u010dili\u0161te u Dubrovniku\/University of Dubrovnik\nRafaelle Marchetti, LUISS, Rim; Sveu\u010dili\u0161te Napoli-Orientale, Napulj\/LUISS, Rome; University of Napoli-Orientale, Naples\nIvan Marke\u0161i\u0107, Institut dru\u0161tvenih znanosti \u201eIvo Pilar\u201c, Zagreb\/Institute of Social Sciences Ivo Pilar, Zagreb\nAn\u0111elko Milardovi\u0107, Institut za migracije i narodnosti, Zagreb\/Institute for Migration and Ethnic Studies, Zagreb\nDavor Paukovi\u0107, Sveu\u010dili\u0161te u Dubrovniku\/Dubrovnik University\nVjeran Pavlakovi\u0107, Filozofski fakultet Sveu\u010dili\u0161ta u Rijeci\/Faculty of Humanities and Social Sciences, University of Rijeka\nMladen Pu\u0161kari\u0107, Hrvatski studiji, Sveu\u010dili\u0161te u Zagrebu\/Centre for Croatian Studies, University of Zagreb\nVi\u0161eslav Raos, Fakultet politi\u010dkih znanosti, Sveu\u010dili\u0161te u Zagrebu\/Faculty of Political Science, University of Zagreb\nPhilippe C. Schmitter, Europski sveu\u010dili\u0161ni institut, Firenca\/European University Institute, Florence\nM\u00e1t\u00e9 Szab\u00f3, Institut politi\u010dkih znanosti, Pravni fakultet, ELTE, Budimpe\u0161ta\/Faculty of Law, ELTE, Budapest\nLuk Van Langenhove, Sveu\u010dili\u0161te Ujedinjenih naroda (UNU-CRIS), Brugge\/United Nations University (UNU-CRIS), Bruges\nPierre Vercauteren, Katoli\u010dko sveu\u010dili\u0161te u Monsu\/Catholic University of Mons\nDavorka Vidovi\u0107, Fakultet politi\u010dkih znanosti, Sveu\u010dili\u0161te u Zagrebu\/Faculty of Political Science, University of Zagreb\n<\/div>\n<br>\n\n\n\n<p><strong>UDK Preparation<\/strong><br>Maja Tomi\u0161a, VERN\u2019 University<\/p>\n\n\n\n<p><strong>Proofreader<\/strong><br>Vicko Krampus, Branka \u0160uput<\/p>\n\n\n\n<p><strong>Graphic Design<\/strong><br>Kristina Slunjski Rajak<\/p>\n\n\n\n<p>&nbsp;<\/p>","protected":false},"excerpt":{"rendered":"<p>v.d. Glavna i odgovorna urednicaMarija Slijep\u010devi\u0107, Sveu\u010dili\u0161te VERN&#8217; Zamjenica glavnog i odgovornog urednikaNikolina Bor\u010di\u0107, Fakultet politi\u010dkih znanosti, Sveu\u010dili\u0161te u Zagrebu\/ Izvr\u0161ni urednikRino Medi\u0107, Sveu\u010dili\u0161te VERN\u2019 Tehni\u010dki urednikTomislav \u0160tuka, Sveu\u010dili\u0161te VERN\u2019 Uredni\u010dki odbor Krisztina Arat\u00f3, Institut politi\u010dkih znanosti, Pravni fakultet, ELTE, Budimpe\u0161ta\/Institute of Political Science, Faculty of Law, ELTE, Budapest Roland Axtmann, Sveu\u010dili\u0161te Swansea\/Swansea University Vladim\u00edra&#8230;<\/p>","protected":false},"author":6,"featured_media":0,"parent":0,"menu_order":0,"comment_status":"closed","ping_status":"closed","template":"","meta":{"_kad_post_transparent":"","_kad_post_title":"","_kad_post_layout":"","_kad_post_sidebar_id":"","_kad_post_content_style":"","_kad_post_vertical_padding":"","_kad_post_feature":"","_kad_post_feature_position":"","_kad_post_header":false,"_kad_post_footer":false,"_kad_post_classname":"","footnotes":""},"coauthors":[589],"class_list":["post-195","page","type-page","status-publish","hentry"],"_links":{"self":[{"href":"https:\/\/suvremene-teme.vern.hr\/en\/wp-json\/wp\/v2\/pages\/195","targetHints":{"allow":["GET"]}}],"collection":[{"href":"https:\/\/suvremene-teme.vern.hr\/en\/wp-json\/wp\/v2\/pages"}],"about":[{"href":"https:\/\/suvremene-teme.vern.hr\/en\/wp-json\/wp\/v2\/types\/page"}],"author":[{"embeddable":true,"href":"https:\/\/suvremene-teme.vern.hr\/en\/wp-json\/wp\/v2\/users\/6"}],"replies":[{"embeddable":true,"href":"https:\/\/suvremene-teme.vern.hr\/en\/wp-json\/wp\/v2\/comments?post=195"}],"version-history":[{"count":28,"href":"https:\/\/suvremene-teme.vern.hr\/en\/wp-json\/wp\/v2\/pages\/195\/revisions"}],"predecessor-version":[{"id":1544,"href":"https:\/\/suvremene-teme.vern.hr\/en\/wp-json\/wp\/v2\/pages\/195\/revisions\/1544"}],"wp:attachment":[{"href":"https:\/\/suvremene-teme.vern.hr\/en\/wp-json\/wp\/v2\/media?parent=195"}],"wp:term":[{"taxonomy":"author","embeddable":true,"href":"https:\/\/suvremene-teme.vern.hr\/en\/wp-json\/wp\/v2\/coauthors?post=195"}],"curies":[{"name":"wp","href":"https:\/\/api.w.org\/{rel}","templated":true}]}}

<p><strong>Acting Editor-in-chief</strong><br>Marija Slijepčević, VERN’ University</p>



<p><strong>Deputy Editor-in-chief</strong><br>Nikolina Borčić, aculty of Political Science, University of Zagreb</p>



<p><strong>Executive Editor</strong><br>Rino Medić, VERN’ University</p>



<p><strong>Technical Editor</strong><br>Tomislav Štuka, VERN’ University</p>



<div class="translation-block">
<strong>Editorial Board</strong>
<br>
Krisztina Arató, Institut političkih znanosti, Pravni fakultet, ELTE, Budimpešta/Institute of Political Science, Faculty of Law, ELTE, Budapest
Roland Axtmann, Sveučilište Swansea/Swansea University
Vladimíra Dvořáková, Odsjek političkih znanosti, Ekonomski fakultet, Prag/Department of Political Science, Prague School
of Economics, Prague
Gábor Halmai, Sveučilište Széchenyi, Jura; ELTE, Budimpešta/University of Széchenyi, Győr; ELTE, Budapest
Dražen Lalić, Fakultet političkih znanosti, Sveučilište u Zagrebu/Faculty of Political Science, University of Zagreb
Jan-Erik Lane, Sveučilište u Ženevi/University of Geneva
Pero Maldini, Sveučilište u Dubrovniku/University of Dubrovnik
Rafaelle Marchetti, LUISS, Rim; Sveučilište Napoli-Orientale, Napulj/LUISS, Rome; University of Napoli-Orientale, Naples
Ivan Markešić, Institut društvenih znanosti „Ivo Pilar“, Zagreb/Institute of Social Sciences Ivo Pilar, Zagreb
Anđelko Milardović, Institut za migracije i narodnosti, Zagreb/Institute for Migration and Ethnic Studies, Zagreb
Davor Pauković, Sveučilište u Dubrovniku/Dubrovnik University
Vjeran Pavlaković, Filozofski fakultet Sveučilišta u Rijeci/Faculty of Humanities and Social Sciences, University of Rijeka
Mladen Puškarić, Hrvatski studiji, Sveučilište u Zagrebu/Centre for Croatian Studies, University of Zagreb
Višeslav Raos, Fakultet političkih znanosti, Sveučilište u Zagrebu/Faculty of Political Science, University of Zagreb
Philippe C. Schmitter, Europski sveučilišni institut, Firenca/European University Institute, Florence
Máté Szabó, Institut političkih znanosti, Pravni fakultet, ELTE, Budimpešta/Faculty of Law, ELTE, Budapest
Luk Van Langenhove, Sveučilište Ujedinjenih naroda (UNU-CRIS), Brugge/United Nations University (UNU-CRIS), Bruges
Pierre Vercauteren, Katoličko sveučilište u Monsu/Catholic University of Mons
Davorka Vidović, Fakultet političkih znanosti, Sveučilište u Zagrebu/Faculty of Political Science, University of Zagreb
</div>
<br>



<p><strong>UDK Preparation</strong><br>Maja Tomiša, VERN’ University</p>



<p><strong>Proofreader</strong><br>Vicko Krampus, Branka Šuput</p>



<p><strong>Graphic Design</strong><br>Kristina Slunjski Rajak</p>



<p>&nbsp;</p>

<p>v.d. Glavna i odgovorna urednicaMarija Slijepčević, Sveučilište VERN&#8217; Zamjenica glavnog i odgovornog urednikaNikolina Borčić, Fakultet političkih znanosti, Sveučilište u Zagrebu/ Izvršni urednikRino Medić, Sveučilište VERN’ Tehnički urednikTomislav Štuka, Sveučilište VERN’ Urednički odbor Krisztina Arató, Institut političkih znanosti, Pravni fakultet, ELTE, Budimpešta/Institute of Political Science, Faculty of Law, ELTE, Budapest Roland Axtmann, Sveučilište Swansea/Swansea University Vladimíra&#8230;</p>
